 h - 50 + 16 = s. What is the remainder when h is divided by 18?
16
Let x be -6*(54/(-4))/(-3). Let y = -17 - x. What is the remainder when (-58)/12*(-4 - 2) is divided by y?
9
Suppose 2*b - k - 27 = 0, 28 = 4*b - 4*k - 20. What is the remainder when 11 is divided by 2/(-10) + 108/b?
4
Suppose 0 = -z - 4*p + 93, 0 = 2*z - p - 69 - 117. Calculate the remainder when z is divided by 24.
21
Let y(z) = z**3 - 22*z**2 - 23*z + 31. What is the remainder when 91 is divided by y(23)?
29
Suppose 2*r - 18 = 5*r. Let f be 5/(3/r - -1). Suppose l + f = 5*u, -2*l - u + 6*u = 0. Calculate the remainder when l is divided by 6.
4
Let o(g) = 4*g**3 + g**2 - g. Let u be o(1). Let z = u + 2. Calculate the remainder when 17 is divided by z.
5
Suppose 0*t + 2 = -t - v, -34 = -3*t + 5*v. Calculate the remainder when t is divided by 2.
1
Let g(c) = -c**2 - 5*c + 10. Let v be g(-9). Let k = -40 - v. Let u = 28 + k. Calculate the remainder when u is divided by 5.
4
Suppose -5*j - 11 = -86. Let o = 174 + -115. What is the remainder when o is divided by j?
14
Suppose -12 = 3*v, -y - 3*v + 6*v = -62. What is the remainder when y is divided by 1 + 10 + (-8)/(-4)?
11
Let d = -5 + 2. Calculate the remainder when 14 is divided by (d/1)/((-6)/10).
4
Suppose -117 = -3*w - 3*u, -3*u + 93 = 2*w - 6*u. What is the remainder when w is divided by 15?
12
Suppose -2*o - 2*o = -16. Let t be (-39)/(-2) + 2/4. Suppose -o*h = -2*h - t. Calculate the remainder when 28 is divided by h.
8
Suppose 14 + 34 = q + 4*j, 0 = -5*q - 2*j + 294. Calculate the remainder when q is divided by 21.
18
Let m = 2 - 2. Suppose m*z = 5*z. Let n = 4 - z. What is the remainder when 7 is divided by n?
3
Let g(x) = x**3 + 5*x**2 - 7*x + 2. Let h be g(-6). Suppose -4*q + h = -8. What is the remainder when 14 is divided by q?
2
Let a(c) = 5*c - 2. Let d(h) = -h. Suppose 3*i = -13 - 5. Let l(x) = i*d(x) - a(x). What is the remainder when 25 is divided by l(5)?
4
Let p = -6 - -10. Suppose -p*q + l = -q - 112, 147 = 4*q + l. What is the remainder when q is divided by 13?
11
Suppose 9*x = 21*x - 816. Suppose -w - w = 4*c - 42, -3*w + 64 = 5*c. What is the remainder when x is divided by w?
22
Let f(n) = -54*n - 3. What is the remainder when 150 is divided by f(-1)?
48
Suppose 4*u + 0*u = 12. Suppose -2*n = l - u - 11, -2*l - 3*n + 29 = 0. Calculate the remainder when l is divided by 0 + 1*3*2.
4
Suppose 0 = -3*f + 203 - 38. Calculate the remainder when f is divided by 19.
17
Suppose 0 = 4*p - 2*p - 20. What is the remainder when (-2 - (3 - 2)) + 31 is divided by p?
8
Let q = -179 + 189. Suppose -10 + 2 = 4*u. Let s = 6 + u. Calculate the remainder when q is divided by s.
2
Let p(n) = n - 5. Let v = 2 + 4. What is the remainder when v is divided by p(7)?
0
Suppose -4*c + 2*r + 32 = -2*r, 3*c + 16 = -5*r. Suppose -u + 4*k + c = -2, -k - 4 = -3*u. Calculate the remainder when ((-1)/u + -1)*-2 is divided by 3.
1
Let a(k) = 12*k**2 - 2*k + 1. Suppose -h = -o + 15, -h = -3*o - o + 63. What is the remainder when a(2) is divided by o?
13
Let c(o) = -o**2 + o - 1. Let k(i) = 21*i**2 - 6*i + 6. Let p(a) = 5*c(a) + k(a). What is the remainder when p(-2) is divided by 23?
21
Let x(g) = -12*g - 14. What is the remainder when x(-6) is divided by 15?
13
Suppose -78 = -l - 3*n + 107, -5*l + 973 = -n. What is the remainder when l is divided by 49?
47
Let a(h) = -30*h - 6. Calculate the remainder when a(-3) is divided by 29.
26
Let j = 11 - 7. Suppose -5*w + 143 = -j*z, 4*z + 2*w + 187 = -z. Let u = z - -62. What is the remainder when u is divided by 9?
7
Let k(g) = -3*g - 46. What is the remainder when k(-19) is divided by 3?
2
What is the remainder when 4 - (-24)/(-3) - -13 is divided by 5?
4
Let o(p) = -p + 15. Calculate the remainder when o(10) is divided by 2.
1
Let t(f) be the third derivative of -f**4/12 + 73*f**3/6 - 7*f**2. Calculate the remainder when t(0) is divided by 38.
35
Let x(t) = t - 2. Let a be x(-5). Let f(s) = -3*s + 2. What is the remainder when f(a) is divided by 1/((-1)/(1 + -13))?
11
Let b(u) = 6*u**2 - u + 7. What is the remainder when b(-3) is divided by 6?
4
Let t = 140 - 79. What is the remainder when t is divided by 16?
13
Suppose -7*h + 137 = -4*h - 2*a, -2*a = 5*h - 239. Calculate the remainder when h is divided by 16.
15
Suppose 5*b + 5*o - 60 = 0, 36 = 3*b - o - o. Calculate the remainder when 4 is divided by b/(-9)*6/(-4).
0
Let c(z) = -3*z**2 + 2 + z**3 - 3*z**3 + 1. Let k be 6/39 + 123/(-39). What is the remainder when c(k) is divided by 8?
6
Suppose 0 = u - 8 + 3. Suppose 0 = u*t + 4*r - 296, t = r + 70 - 9. Suppose t = 5*j + 5*w, 3*w - 23 - 27 = -4*j. What is the remainder when 26 is divided by j?
12
Let c = 10 + -4. Let p(k) = 44*k. Let v be p(1). Suppose 2*d - v = -2*d. Calculate the remainder when d is divided by c.
5
Suppose 917 = 7*n + 210. What is the remainder when n is divided by 35?
31
Suppose -7*m = -4*m - 4*c - 379, -643 = -5*m + c. Calculate the remainder when m is divided by 22.
19
Suppose 1 = -5*t + 21. Suppose 24 = -3*k + 66. Suppose -5*x + 0*b + 4*b = -35, -2*x - k = 4*b. What is the remainder when t is divided by x?
1
Let m = 6 + 5. Suppose 5 = 4*u - m. Let p = 9 - u. What is the remainder when 14 is divided by p?
4
Suppose 3*j = -5*y - 0*j + 202, 4*j - 119 = -3*y. Suppose 0 = 2*s - 5*s + 42. Calculate the remainder when y is divided by s.
13
Suppose 20 = 2*t - 6. Let j(k) be the second derivative of -k**4/12 - 5*k**3/3 - k**2 - 9*k. What is the remainder when t is divided by j(-9)?
6
Let x = 58 - -17. Calculate the remainder when x is divided by 38.
37
Let o = -47 + 96. Let v = 14 + -1. Calculate the remainder when o is divided by v.
10
Calculate the remainder when 95 is divided by 207/6 - (-2 - 10/(-4)).
27
Suppose -8*v - 6*v = -1848. Calculate the remainder when v is divided by 36.
24
Suppose -l = -6*l + 75. What is the remainder when l is divided by 10?
5
Suppose 11*u - 183 = -3*a + 8*u, 0 = 2*a + u - 117. What is the remainder when 222 is divided by a?
54
Let y = 5 - 3. Suppose 62 = 5*q + y. Calculate the remainder when 31 is divided by 0 - ((0 - q) + 1).
9
Calculate the remainder when (-26 + 11)/(2/(-6)) is divided by 16.
13
Suppose 5*r = -2*b + 200, -4*b + 118 = 5*r - 92. Calculate the remainder when r is divided by 8.
6
Suppose -4*d = 2*y - 64, 2*y + 5*d = -3*y + 150. What is the remainder when y is divided by 8?
4
Suppose -3*n + 10 = -n. What is the remainder when 18 is divided by n?
3
Let j(g) = -g + 10. What is the remainder when 28 is divided by j(2)?
4
Let q be (6/(-9))/((-8)/36). Suppose -u + 4*s - q*s + 9 = 0, 4*s = -20. Calculate the remainder when 11 is divided by u.
3
Let p be (1/(-2))/((-2)/92). Let r = 29 + -42. Let h = r + p. Calculate the remainder when 18 is divided by h.
8
Suppose -9 = -4*c + 11. What is the remainder when 23 is divided by c?
3
Suppose 0 = s + 3*j - 5*j + 6, 3*j = s + 11. Let w = 16 + -8. Let p = w - s. What is the remainder when 10 is divided by p?
2
Let h = 19 + 7. Calculate the remainder when 48 is divided by h.
22
Suppose 0 = 5*w + w - 72. Let r be 1 + -3 - (-244)/2. Suppose -m = 4, 0*o + r = 4*o + 5*m. Calculate the remainder when o is divided by w.
11
Let m = -1 - -4. Let k(i) = 26*i**2 + 2*i + 1. What is the remainder when k(-1) is divided by 12 + 3*m/9?
12
Suppose 0*d - 4*d = 5*x - 200, -100 = -2*d - 5*x. Let f(r) = -2*r - 5. What is the remainder when d is divided by f(-9)?
11
Let f = 18 - 2. What is the remainder when f is divided by 9?
7
Suppose -2*w - 22 = -4*w. Let t(d) = d**3 - 5*d**2 + 7*d - 7. Let g be t(5). Suppose 2 + g = s. Calculate the remainder when s is divided by w.
8
Suppose -119 + 17 = 3*p. Let t = p - -74. Let m(a) = 11*a**2 - 4*a - 1. What is the remainder when t is divided by m(-1)?
12
Suppose -6*r + 213 + 141 = 0. What is the remainder when r is divided by 12?
11
Let x = 4 + 3. Let a = x + 4. What is the remainder when a is divided by (-20)/(-8)*12/5?
5
Let l = 54 - 28. Let r(u) = u**3 - 8*u**2 + 8*u + 7. Calculate the remainder when l is divided by r(7).
12
Let d = -54 - -77. Calculate the remainder when 44 is divided by d.
21
Suppose -x + 2*i = 0, 0*x = 3*x + 5*i - 44. Let j = -9 - -35. Let n = 49 - j. Calculate the remainder when n is divided by x.
7
Let r(m) = m**2 - 5*m + 3. Let x be r(5). Suppose -3*g 